digit of a?
3
Suppose 5*v - 13 = -b, 4*b - 3*v - 5 = 1. Suppose -2*w + b = -w. What is the units digit of w - -117*(2 + -1)?
0
Let d(y) = -8*y**3 - 36*y**2 - y - 20. Let f be d(-7). Let r = f - 625. What is the units digit of r?
2
Suppose 0*m + 2 = 2*m, 5*h - 5*m = 345. Suppose 5*t + h - 5 = 0. What is the units digit of 13860/156 + (-2)/t?
9
Let h(z) = -1 + 24 - 2 + 2*z. Let m be h(-8). Suppose 165 = m*k - w, -k = -5*k - w + 123. What is the units digit of k?
2
Let a(j) = j**3 + 22*j**2 - 94*j + 31. Let i be 2*(3128/(-16))/17. What is the thousands digit of a(i)?
1
Suppose 5*g + 3*n = 18, -53 + 39 = -5*g - 4*n. Let w = 760 + -275. Suppose -g*k = -k - w. What is the tens digit of k?
9
Suppose 5 = 5*p, 8*g + 3689 = 7*g + p. Let k = -2506 - g. What is the tens digit of k?
8
Suppose 28*i = -4*i - 0*i + 482528. What is the thousands digit of i?
5
Let p(c) = -6*c**2 + 3 + 1 - 5*c**3 + 4*c**3 - 11*c - 3*c. What is the units digit of p(-5)?
9
Suppose -1821*p = -1832*p + 53911. What is the units digit of p?
1
Let x(w) = 23*w**3 + 2*w**2 - 2*w. Let k = -6 - -4. Let s be x(k). Let t = -97 - s. What is the units digit of t?
5
Let j(a) = a**3 + 14*a**2 + 6*a + 64. Let f be j(-13). Suppose -158*b = -f*b - 2217. What is the hundreds digit of b?
7
Suppose -2*u - 21254 - 29944 = -9*u. What is the tens digit of u?
1
Let y be (1/4 + -1)/((-1)/4). What is the units digit of 32/y*42/28?
6
Suppose -3804*a - 3*z = -3801*a - 203586, 0 = -4*a + 5*z + 271466. What is the hundreds digit of a?
8
Let b(z) = -z**3 + 50*z**2 - 110*z - 104. What is the thousands digit of b(41)?
0
Let o(b) = -b**2 + 7*b + 35. Let r be o(10). Suppose -3*q + 8*q = 4*h + 10, 6 = 3*q + r*h. Suppose 72 = -q*d + 10*d. What is the units digit of d?
9
Suppose -3297491 = -382*x + 16368251. What is the ten thousands digit of x?
5
Suppose -5*w + 25 = 5*y - 10*y, -w = -5*y - 25. Suppose w = 3*m - h - 805, -5*h + 2*h = 3. What is the tens digit of m?
6
What is the tens digit of 14/4*(18 - 4 - 10)?
1
Let i = -20 + 25. Let p(l) = -l**3 + 4*l**2 + 2*l + 1. Let x be p(4). Suppose i*v - x = 256. What is the units digit of v?
3
Let h(w) = -w**2 + 3*w + 12. Let a be h(5). Let r be -72 - (-2)/(a + -1). Let n = -31 - r. What is the tens digit of n?
3
What is the thousands digit of 1/3 + 1615800/45?
5
Let o(c) = 201*c**2 + c + 44. What is the thousands digit of o(-6)?
7
Suppose 4*s - 17 + 1 = 0. Let m be 88/165*(-15)/(-2). Suppose 2*n - s*k + 240 = m*n, 12 = -3*k. What is the tens digit of n?
2
Suppose -n = -1574 - 8410 + 1473. What is the hundreds digit of n?
5
Let b = 169 - 191. Let f(d) = d**3 + 24*d**2 - 43*d - 39. What is the units digit of f(b)?
5
Suppose -4*m + 4*b = -5*m + 2, 0 = -m - 3*b + 6. What is the hundreds digit of (113 + -2)*m/81*18?
4
Let m be ((-4)/(-10))/(132/233970). Suppose -a + f + m = 0, -3*a + 2*f = 3*f - 2147. What is the hundreds digit of a?
7
Let k be (-10)/(-8) - (-396)/16*1. What is the tens digit of (k - 24)/((-2)/(-280))?
8
Suppose -93 + 18 = -5*u. Suppose d + 0*d - 23 = -5*i, 3*i + d - u = 0. Suppose 42 = -i*k + 162. What is the tens digit of k?
3
Suppose -2*n + 6*n + 77 = 3*r, -5*r + 115 = -4*n. What is the tens digit of 274 + ((-14)/133 - (-2)/r)?
7
Let z be ((-30)/(-20))/((-2)/8). What is the hundreds digit of 24794/69 - (-2)/z?
3
Suppose -27*u + 31*u = 720. Suppose -171*q - 9234 = -u*q. What is the units digit of q?
6
Let c(w) = -w**2 + 8*w - 3. Let j be c(3). Suppose 0 = -0*z + 3*z - 150. Let l = z - j. What is the units digit of l?
8
Let x(q) = 149 + 0*q + 3*q - 232. Let o be x(27). What is the tens digit of 1/3 - (o - 320/12)?
2
Let s = -68 + 158. Suppose -2*a = -7*a + s. Let d = 83 - a. What is the units digit of d?
5
Let q = -30 + 28. What is the units digit of ((-1)/(3/36))/(q/27)?
2
Let m = 378 - 380. Let q(f) = -570*f - 44. What is the hundreds digit of q(m)?
0
Suppose -31*a - 29496 - 58029 = -36*a. What is the hundreds digit of a?
5
Let u = 34176 - 520. What is the tens digit of u?
5
Let v(c) = -c**2 - 3*c - 2. Let y be v(-2). Suppose y = 7*d + 985 - 320. Let p = -30 - d. What is the tens digit of p?
6
Let q be 1/(2/7)*-74. Let r = -175 - q. What is the units digit of r?
4
Let b be ((-174)/(-145))/((-8)/5 - -2). Let l(x) = 19*x**3 - 2*x**2 + 4*x + 6. What is the hundreds digit of l(b)?
5
Let y be (-53 - (2 - 4))*68/(-6). Suppose 2*r - 385 = -a, 3*a - a = -3*r + y. What is the units digit of r?
2
What is the units digit of (25745/(-10))/(17/(-34))?
9
Let i be (1/1)/(4/(1 - -427)). Let y = -105 + i. Let g = 99 + y. What is the hundreds digit of g?
1
Suppose 2841*p = 2973*p - 3604392. What is the tens digit of p?
0
Let j = 132696 - 82545. What is the thousands digit of j?
0
Suppose 4*j - 2*k = 70362, -75*j = -80*j - 3*k + 87947. What is the hundreds digit of j?
5
Suppose 3*z = 3*x - 6, -x + 6*x - 10 = -2*z. Let m(v) = v**3 + 5*v**2 + 4*v + 1. Let i be m(-4). What is the tens digit of -1*i/x - (-139)/2?
6
Let m = -130 - -134. Suppose 5*y = -5*u - 15, m*y + 4*u = 3*u. Let a(x) = 127*x**2 - x - 1. What is the units digit of a(y)?
5
Let u(h) = -619*h + 1886. What is the units digit of u(-27)?
9
Let a(l) = 8*l + 29 + 10*l - 2*l + 11*l**2 - 7*l. What is the hundreds digit of a(-8)?
6
What is the hundreds digit of 22/((-484)/(-1443882))*1?
6
Let w be 5274/(-63) - 4/14. What is the units digit of (-16)/3*6678/w?
4
Suppose 0 = 2*d + 9*n - 15, 5*n = -6*d + 2*d + 17. What is the hundreds digit of 16/(-24) + -4 + 4844/d?
6
Suppose u + 2*u + 3*b - 66300 = 0, 0 = u + 5*b - 22108. What is the thousands digit of u?
2
Let p be 17 + 3*2/(-3). Let n = 1231 + -1219. Suppose p*t - 102 = n*t. What is the units digit of t?
4
Suppose -2*k + 406 = 4*q, 3*q + 130 - 452 = 2*k. Suppose -105*z + q*z = -551. Suppose 441 + z = 4*w + y, -267 = -w - 5*y. What is the tens digit of w?
4
Let h be -1 - ((-7)/(7/2) + -1). Suppose 0 = -4*w - 3*a + 324, -188 = -h*w - 2*a - 28. What is the units digit of w?
4
Suppose -3*j + 3974 = 5*n, 4*n + 3*j = 1830 + 1351. Let w = n + -288. What is the units digit of w?
5
Let s = 599 - 349. Let t = s - -167. What is the tens digit of t?
1
Let r be 3*-2*1/3. Let j = 1 + r. What is the tens digit of (0 - (j - -3))*-41?
8
What is the tens digit of 31878/4 - (-6)/(-3 - 9)?
6
Suppose -2831 = -y + 5*v, y - 4*v + 11228 = 5*y. Let p = y - 1361. What is the tens digit of p?
5
Suppose h - 524*a + 528*a - 6813 = 0, -5*h + 34083 = 2*a. What is the hundreds digit of h?
8
Let i be 4005/85 - (196/(-68) + 3). Let z = i - -41. What is the units digit of z?
8
Let p(t) = -5*t - 46. Let y be p(-10). Suppose 0 = -2*o - 6*a + 2*a + 608, 5*a = y*o - 1229. What is the hundreds digit of o?
3
Let n(z) = -4*z**2 + 3*z + 1. Let h be n(-8). Let b = h - -536. What is the hundreds digit of b?
2
Let b(i) = -i + 26. Suppose 56 = -12*p + 16*p. Let x be b(p). What is the tens digit of (1328/x)/(6/9)?
6
Let x(j) = 116*j**3 - 5*j**2 - 2*j**2 + 4*j**2 - 2*j + 11*j - 8 + 0*j. What is the hundreds digit of x(2)?
9
What is the hundreds digit of -12 - 13/(247/(-801895))?
1
What is the hundreds digit of (1 + -2)/((-294)/(-84)) - (-815300)/35?
2
Let i(z) = -2. Let j(k) = 44*k - 19. Let q(h) = 6*i(h) + 2*j(h). What is the hundreds digit of q(3)?
2
Suppose -11*d + 8*d = -15. Suppose -2*l - 4*t + 2*t + 18 = 0, -3*l = d*t - 19. What is the tens digit of l?
1
Let m be (-10*(-2)/20)/((-2)/(-28)). Suppose -2*w = -m*w + 6768. What is the tens digit of w?
6
What is the hundreds digit of 436/5*30*15/45?
8
Suppose -150*f - 319770 + 947982 = -210888. What is the thousands digit of f?
5
Let l(x) = -x**3 + 7*x**2 - 2*x - 1. Let n be l(7). Let p = -15 - n. Suppose p = -3*t - 5*w + 146, 0 = -0*w - w - 5. What is the tens digit of t?
5
Let s be 1*(3/(-12) + (-154)/(-8)). Suppose -s*r + 35670 = 10*r. What is the hundreds digit of r?
2
Let q(m) = m - 61. Let j = -2 - 3. Let z(d) = -d + 92. Let c(t) = j*z(t) - 8*q(t). What is the tens digit of c(0)?
2
Let c be ((-20)/(-5))/((-298)/(-302) - 1). Let o = c + 622. What is the tens digit of o?
2
Suppose -4*z + 5*z = -11*z. Suppose -r + 2*x + 7 = z, -x + 11 = 3*r + 4. Let p(l) = 77*l - 15. What is the units digit of p(r)?
6
Let y = 484 + -1384. Let w = -548 - y. What is the units digit of w?
2
Suppose -3*b = 7*b + 20. Let i be b/3 - ((-120)/18 - -6). Let r(g) = -g**3 + 2*g + 2. What is th